{"id":62,"date":"2019-11-23T18:26:19","date_gmt":"2019-11-23T17:26:19","guid":{"rendered":"https:\/\/littlechamp.simpleclicks.at\/?page_id=62"},"modified":"2019-12-01T13:17:33","modified_gmt":"2019-12-01T12:17:33","slug":"ausbildungen","status":"publish","type":"page","link":"https:\/\/littlechamp.at\/?page_id=62","title":{"rendered":"Ausbildungen"},"content":{"rendered":"\n<h1 class=\"wp-block-heading\">Tennis &#8211; das Spiel im Kopf &#8230;<\/h1>\n\n\n\n<p>Am 26.09.2009 lud der Verband der Tennisausbildner K\u00e4rntens in Kooperation mit dem K\u00e4rntner Tennisverband zur j\u00e4hrlichen Fortbildungsveranstaltung&nbsp;f\u00fcr Tennislehrer&nbsp;in St. Veit an der Glan ein.<\/p>\n\n\n\n<p>Das Hauptthema: &#8222;Mentales Tennistraining &#8211; Das Spiel im Kopf &#8222;<\/p>\n\n\n\n<p>Der Teilnehmerkreis:&nbsp;K\u00e4rntner Trainer&nbsp;und viele interessierte Tennisspieler &#8230;<br>Der Referent &#8211; Prof. Dr. Peter Maier, Deutsche Sporthochschule K\u00f6ln &#8211; stellte die markantesten&nbsp;mentalen Anforderungen beim Tennisspiel dar und skizzierte verschiedene M\u00f6glichkeiten zu deren Bew\u00e4ltigung. Beim gemeinsamen Mittagessen konnten noch&nbsp;viele interessante&nbsp;Fragen diskutiert werden. Am Nachmittag waren praktische \u00dcbungen in der Tennishalle angesagt. Mit Ball und Racket wurden Trainingsformen zu den am Vormittag angesprochenen Punkten von den Teilnehmern ausprobiert. Nach jeder Sequenz gab es eine kurze Zusammenfassung mit dem Referenten, wo die Probanten ihre Empfindungen mitteilen konnten.<br>Den Abschluss bildete ein Speed Tennis Turnier (Kleinfeld, Softball, Methodikball). Es gab spannende und hochklassige&nbsp;Matches f\u00fcr Spieler und Zuseher. Damit soll die Bedeutung des Speed Tennis f\u00fcr ein erfolgreiches&nbsp;Tennistraining,&nbsp;nicht nur&nbsp;f\u00fcr Kinder,&nbsp;hervorgehoben werden, so Manfred Felsberger als Lehrreferent im KTV. Die Tagessieger freuten sich \u00fcber tolle Preise der Firma Wilson.<\/p>\n\n\n\n<p>1.Preis: Tennisschl\u00e4ger, 2. Preis: Kleinfeldnetz, 3. Preis: ein Paar Tennisschuhe.<\/p>\n\n\n\n<p>So brachte der Tag f\u00fcr die Teilnehmer viele neue Erkenntnisse, die in Zukunft beim Tennistraining und auch beim eigenen Spiel angewendet werden k\u00f6nnen.<\/p>\n\n\n\n<p>Das Organisationsteam des TAK bedankt sich bei den unterst\u00fctzenden Firmen Wilson, Sportastic, Elektro Pauer, Trinitec Solution, Intersport Eybl Klagenfurt, der Little Champ Tennisschule und der Stadtgemeinde St. Veit an der Glan.<\/p>\n\n\n\n<p>Der ereignisreiche und interessante Tag wurde mit der Jahreshauptversammlung des&nbsp;Verbandes der Tennisausbildner K\u00e4rnten (TAK) &nbsp;im GH Sonnhof abgerundet.<\/p>\n\n\n\n<p>Obmann Manfred Felsberger konnte auf ein erfolgreiches Jahr r\u00fcckblicken.<\/p>\n\n\n\n<p>Mehr unter&nbsp;<a href=\"http:\/\/www.taktennis.at\/\" target=\"_blank\" rel=\"noreferrer noopener\">www.taktennis.at<\/a><\/p>\n\n\n\n<h1 class=\"wp-block-heading\">Tennis &#8211; Instruktoren Ausbildung K\u00e4rnten 2009 (\u00d6TV\/BSPA Graz)<\/h1>\n\n\n\n<p>Nichts macht so erfolgreich wie Erfolg&nbsp;&#8230;<br>&#8230; unter&nbsp;diesem&nbsp;Motto&nbsp;wurde die Tennis-Instruktorenpr\u00fcfung 2009 vom Pr\u00fcfungsvorsitzenden Manfred Felsberger (KTV-Lehrreferent) er\u00f6ffnet.<\/p>\n\n\n\n<p>Am 05.10.2009 wurde der Ausbildungslehrgang zum Tennisinstruktor erfolgreich abgeschlossen.<\/p>\n\n\n\n<p>Bild 1: Lehrgangsteilnehmer&nbsp;mit Pr\u00fcfungskommission (Ausbildungsleiter: MMag. Georg Veitz, Dir. Mag. Wolfgang Fr\u00fchwirth, Mag. Walter Grobbauer, Manfred Felsberger)<br>Bild 2: Die erfolgreichen K\u00e4rntner Teilnehmer<br>(Sylvia Krajnik, Martina Wernig, Peter Naschenweng, Philipp Lippusch)<\/p>\n\n\n\n<p>Herzliche Gratulation den frisch gebackenen Tennisinstruktoren.<br>Viel Erfolg &#8230;<\/p>\n\n\n\n<h1 class=\"wp-block-heading\">Neue Botschafter f\u00fcr den Tennissport &#8230;<\/h1>\n\n\n\n<figure class=\"wp-block-image\"><a href=\"http:\/\/littlechamp.at\/index.php?eID=tx_cms_showpic&amp;file=uploads%2Fpics%2FInstruktoren_Kaernten_mit_MF__Small_.JPG&amp;md5=113cfbb79a56421d7e51dc5a3b22b9bab1166656&amp;parameters[0]=YTo0OntzOjU6IndpZHRoIjtzOjQ6IjgwMG0iO3M6NjoiaGVpZ2h0IjtzOjQ6IjYw&amp;parameters[1]=MG0iO3M6NzoiYm9keVRhZyI7czo4MjoiPEJPRFkgYmdDb2xvcj13aGl0ZSBsZWZ0&amp;parameters[2]=bWFyZ2luPSIwIiB0b3BtYXJnaW49IjAiIG1hcmdpbndpZHRoPSIwIiBtYXJnaW5o&amp;parameters[3]=ZWlnaHQ9IjAiPiI7czo0OiJ3cmFwIjtzOjM3OiI8QSBocmVmPSJqYXZhc2NyaXB0&amp;parameters[4]=OmNsb3NlKCk7Ij4gfCA8L0E%2BIjt9\"><img decoding=\"async\" src=\"http:\/\/littlechamp.at\/typo3temp\/pics\/96da7c2b8e.jpg\" alt=\"\"\/><\/a><\/figure>\n\n\n\n<p>Frischer Wind im Tennistraining &#8211; nicht nur auf (K\u00e4rntner) Tennispl\u00e4tzen &#8230;<\/p>\n\n\n\n<p>Am 20. und 21. September 2008 wurde der diesj\u00e4hrige Tennisinstruktorenlehrgang erfolgreich abgeschlossen.<\/p>\n\n\n\n<p>29 Teilnehmer aus 7 Bundesl\u00e4ndern&nbsp;absolvierten den&nbsp;Ausbildungslehrgang&nbsp;des \u00d6TV und der BSPA Innsbruck.<\/p>\n\n\n\n<p>Herzliche Gratulation&nbsp;den neuen &#8222;Tennislehrern&#8220;.<\/p>\n\n\n\n<p>Bild: K\u00e4rntner Teilnehmer und Pr\u00fcfungskommission Ausbildungsleiter: Mag. Harald Mair<br>Referenten: Petra Russegger, Mag. Georg Veitz&nbsp;<br>Pr\u00fcfungsvorsitz: Manfred Felsberger<\/p>\n\n\n\n<h1 class=\"wp-block-heading\">LCTS-Tennislehrer lernen &#8230;<\/h1>\n\n\n\n<p>&#8230; von den besten Trainern der Welt.<br>Tennislehrer aus ganz \u00d6sterreich kamen am 01. Dezember 2007 nach Graz, um vom Tennisexperten der ITF (Internationaler Tennis Verband),&nbsp;<strong>Hrvoje Smajic<\/strong>&nbsp;aus Kroatien, zu lernen.<\/p>\n\n\n\n<ul class=\"wp-block-list\"><li><strong>Moderne Methoden im<\/strong>&nbsp;<strong>Tennis(beginner)unterricht &#8230;<br><\/strong>Der weltweit anerkannte Experte der ITF&nbsp;stellte&nbsp;in Theorie und Praxis das Programm&nbsp;<strong>&#8222;play and stay&#8220;<\/strong>&nbsp;(ITF-Bezeichnung)&#8230; oder wie&nbsp;es wir in der Little Champ Tennisschule von Beginn an spielen &#8211; &#8222;Speed Tennis&#8220;, vor. Unter dem Motto, Tennis ist einfach, macht Spa\u00df und ist gesund, wurde das&nbsp;<strong>kindgerechte Spiel<\/strong>&nbsp;mit dem&nbsp;<strong>gr\u00f6\u00dferen und weicheren&nbsp;Ball<\/strong>&nbsp;auf dem&nbsp;<strong>kleineren Tennisfeld<\/strong>&nbsp;vom Tennisexperten vorgestellt. Seine Theorien wurden sofort von einer Kindergruppe in die Praxis umgesetzt.<\/li><li>Im zweiten Tagesschwerpunkt war&nbsp;<strong>Leistungstraining<\/strong>&nbsp;angesagt.<br>Mit einer Gruppe von Kaderjugendlichen des Steirischen Tennisverbandes wurde der&nbsp;<strong>Aufschlag<\/strong>&nbsp;und dessen Entwicklung zur &#8222;Waffe&#8220; thematisiert.<br>Der spezielle Bewegungsablauf des Aufschlages wurde, nach Analyse&nbsp;und Studien der weltbesten Tennisspieler, erkl\u00e4rt und methodisch ein m\u00f6glicher&nbsp;Weg zum schrittweisen Erwerb dieser Technik vorgezeigt.<\/li><\/ul>\n\n\n\n<p>Es war f\u00fcr uns ein \u00fcberaus interessanter Fortbildungstag. Wir wurden einerseits in unserer bisherigen Arbeit best\u00e4tigt&nbsp;und wir freuen uns schon, die neu gewonnenen&nbsp;Erkenntnisse in unser Trainingsprogramm f\u00fcr Sie einzubauen.<\/p>\n\n\n\n<h1 class=\"wp-block-heading\">Tennislehrerfortbildung K\u00e4rnten 2007<\/h1>\n\n\n\n<figure class=\"wp-block-image\"><a href=\"http:\/\/littlechamp.at\/index.php?eID=tx_cms_showpic&amp;file=uploads%2Fpics%2FNach_dem__Referat.JPG&amp;md5=13ec123f981366df31a674c36bcdf47e0153b7ec&amp;parameters[0]=YTo0OntzOjU6IndpZHRoIjtzOjQ6IjgwMG0iO3M6NjoiaGVpZ2h0IjtzOjQ6IjYw&amp;parameters[1]=MG0iO3M6NzoiYm9keVRhZyI7czo4MjoiPEJPRFkgYmdDb2xvcj13aGl0ZSBsZWZ0&amp;parameters[2]=bWFyZ2luPSIwIiB0b3BtYXJnaW49IjAiIG1hcmdpbndpZHRoPSIwIiBtYXJnaW5o&amp;parameters[3]=ZWlnaHQ9IjAiPiI7czo0OiJ3cmFwIjtzOjM3OiI8QSBocmVmPSJqYXZhc2NyaXB0&amp;parameters[4]=OmNsb3NlKCk7Ij4gfCA8L0E%2BIjt9\"><img decoding=\"async\" src=\"http:\/\/littlechamp.at\/typo3temp\/pics\/5958eaf9e6.jpg\" alt=\"\"\/><\/a><\/figure>\n\n\n\n<p>Am&nbsp;<strong>06.Oktober 2007<\/strong>&nbsp;fand in der&nbsp;<strong>St. Veiter Tennishalle beim Hallenbad<\/strong>&nbsp;die diesj\u00e4hrige Tennislehrerfortbildung statt. Der Verband der Tennisausbildner K\u00e4rnten und der K\u00e4rntner Tennisverband bot den anwesenden Tennislehrern, Trainern und \u00dcbungsleitern wieder ein ansprechendes Programm.<\/p>\n\n\n\n<p>Mag. Manfred Schm\u00f6ller vom \u00d6TV referierte \u00fcber die M\u00f6glichkeiten einer nachhaltigen Vereinsarbeit zur Erhaltung des Kundenstocks.<\/p>\n\n\n\n<p>Mag. Martin Taudes, sportlicher Leiter des TZO stellte die kritischen Erfolgsfaktoren im Leistungstraining mit Jugendlichen in den Mittelpunkt seines Referates.<\/p>\n\n\n\n<p>Beide Referenten diskutierten anschlie\u00dfend mit den anwesenden Trainern und verrieten Tips und Erfahrungen aus Ihrer Wissensschatzkammer.<\/p>\n\n\n\n<p>Beim Speed-Tennisturnier konnten die interessierten Kinder- und Jugendtrainer selbst erfahren, welch tolle M\u00f6glichkeiten der gro\u00dfe Ball im kleinen Feld bietet. Im gro\u00dfartigen Finale siegte Gernold Mandler (KTV-Regionalvertreter Lienz) \u00fcber Barbara Hambrusch (Trainerin der Little Champ Tennisschule St. Veit). Herzliche Gratulation &#8230;<\/p>\n\n\n\n<p>Im Rahmen des Seminarabschlusses wurden tolle Sachpreise der Firma Wilson und Intersport Eybl Klagenfurt verlost. Bei einer k\u00f6stlichen K\u00e4rntner Jause im Tennisst\u00fcberl von Lucia Therry wurde noch reger Erfahrungsaustausch unter den Tennislehrern betrieben.<\/p>\n","protected":false},"excerpt":{"rendered":"<p>Tennis &#8211; das Spiel im Kopf &#8230; Am 26.09.2009 lud der Verband der Tennisausbildner K\u00e4rntens in Kooperation mit dem K\u00e4rntner Tennisverband zur j\u00e4hrlichen Fortbildungsveranstaltung&nbsp;f\u00fcr Tennislehrer&nbsp;in St. Veit an der Glan ein. Das Hauptthema: &#8222;Mentales Tennistraining &#8211; Das Spiel im Kopf &#8222; Der Teilnehmerkreis:&nbsp;K\u00e4rntner Trainer&nbsp;und viele interessierte Tennisspieler &#8230;Der Referent &#8211; Prof. Dr. Peter Maier, Deutsche [&hellip;]<\/p>\n","protected":false},"author":3,"featured_media":0,"parent":0,"menu_order":0,"comment_status":"closed","ping_status":"closed","template":"","meta":{"ngg_post_thumbnail":0,"footnotes":""},"class_list":["post-62","page","type-page","status-publish","hentry"],"_links":{"self":[{"href":"https:\/\/littlechamp.at\/index.php?rest_route=\/wp\/v2\/pages\/62","targetHints":{"allow":["GET"]}}],"collection":[{"href":"https:\/\/littlechamp.at\/index.php?rest_route=\/wp\/v2\/pages"}],"about":[{"href":"https:\/\/littlechamp.at\/index.php?rest_route=\/wp\/v2\/types\/page"}],"author":[{"embeddable":true,"href":"https:\/\/littlechamp.at\/index.php?rest_route=\/wp\/v2\/users\/3"}],"replies":[{"embeddable":true,"href":"https:\/\/littlechamp.at\/index.php?rest_route=%2Fwp%2Fv2%2Fcomments&post=62"}],"version-history":[{"count":2,"href":"https:\/\/littlechamp.at\/index.php?rest_route=\/wp\/v2\/pages\/62\/revisions"}],"predecessor-version":[{"id":179,"href":"https:\/\/littlechamp.at\/index.php?rest_route=\/wp\/v2\/pages\/62\/revisions\/179"}],"wp:attachment":[{"href":"https:\/\/littlechamp.at\/index.php?rest_route=%2Fwp%2Fv2%2Fmedia&parent=62"}],"curies":[{"name":"wp","href":"https:\/\/api.w.org\/{rel}","templated":true}]}}