{"id":54,"date":"2019-11-23T18:23:57","date_gmt":"2019-11-23T17:23:57","guid":{"rendered":"https:\/\/littlechamp.simpleclicks.at\/?page_id=54"},"modified":"2020-12-21T12:12:29","modified_gmt":"2020-12-21T11:12:29","slug":"littel-champ-patenschaft","status":"publish","type":"page","link":"https:\/\/littlechamp.at\/?page_id=54","title":{"rendered":"Little Champ Patenschaft"},"content":{"rendered":"\n<p class=\"has-text-align-center has-medium-font-size\"><strong>&#8222;LITTLE CHAMP PATENSCHAFT&#8220;<\/strong><\/p>\n\n\n\n<style>#sp-ea-463 .spcollapsing { height: 0; overflow: hidden; transition-property: height;transition-duration: 500ms;}#sp-ea-463.sp-easy-accordion>.sp-ea-single {margin-bottom: 10px; border: 1px solid #e2e2e2; }#sp-ea-463.sp-easy-accordion>.sp-ea-single>.ea-header a {color: #444;}#sp-ea-463.sp-easy-accordion>.sp-ea-single>.sp-collapse>.ea-body {background: #fff; color: #444;}#sp-ea-463.sp-easy-accordion>.sp-ea-single {background: #ffffff;}#sp-ea-463.sp-easy-accordion>.sp-ea-single>.ea-header a .ea-expand-icon { float: right; color: #4c9308;font-size: 16px;}#sp-ea-463.sp-easy-accordion>.sp-ea-single>.ea-header a .ea-expand-icon {margin-right: 0;}<\/style><div id=\"sp_easy_accordion-1777211176\"><div id=\"sp-ea-463\" class=\"sp-ea-one sp-easy-accordion\" data-ea-active=\"ea-click\" data-ea-mode=\"vertical\" data-preloader=\"\" data-scroll-active-item=\"\" data-offset-to-scroll=\"0\"><div class=\"ea-card sp-ea-single\"><h3 class=\"ea-header\"><a class=\"collapsed\" id=\"ea-header-4630\" role=\"button\" data-sptoggle=\"spcollapse\" data-sptarget=\"#collapse4630\" aria-controls=\"collapse4630\" href=\"#\" aria-expanded=\"false\" tabindex=\"0\"><i aria-hidden=\"true\" role=\"presentation\" class=\"ea-expand-icon eap-icon-ea-expand-plus\"><\/i> Grundgedanke<\/a><\/h3><div class=\"sp-collapse spcollapse spcollapse\" id=\"collapse4630\" data-parent=\"#sp-ea-463\" role=\"region\" aria-labelledby=\"ea-header-4630\"> <div class=\"ea-body\"><p>Little Champ ist bem\u00fcht, Kinder- und Jugendtennis zu f\u00f6rdern und somit bei Kindern und Jugendlichen sowie Schulen das Bewusstsein f\u00fcr Bewegung, Spiel und Teamgeist zu wecken. Ein wichtiger Grundsatz f\u00fcr Little Champ ist das spielerische Heranf\u00fchren der Kinder an den Tennissport unter dem Focus eines ganzheitlichen Trainings. Ohne Leistungsdruck - und dennoch werden die vereinbarten Lernziele erreicht. Mit einer Patenschaft unterst\u00fctzen Sie das Bem\u00fchen und die Aktivit\u00e4ten von Little Champ.<\/p><\/div><\/div><\/div><div class=\"ea-card sp-ea-single\"><h3 class=\"ea-header\"><a class=\"collapsed\" id=\"ea-header-4631\" role=\"button\" data-sptoggle=\"spcollapse\" data-sptarget=\"#collapse4631\" aria-controls=\"collapse4631\" href=\"#\" aria-expanded=\"false\" tabindex=\"0\"><i aria-hidden=\"true\" role=\"presentation\" class=\"ea-expand-icon eap-icon-ea-expand-plus\"><\/i> Was k\u00f6nnen Sie f\u00f6rdern?<\/a><\/h3><div class=\"sp-collapse spcollapse spcollapse\" id=\"collapse4631\" data-parent=\"#sp-ea-463\" role=\"region\" aria-labelledby=\"ea-header-4631\"> <div class=\"ea-body\"><p>- Talente- Veranstaltungen (Turniere, Aktivit\u00e4ten im Rahmen von Gesamtveranstaltungen)- Themen<br \/>(\u201eFamilientennis\" \u2026)- Schulen \u2013 \u201eLittle Champ Tennis Turnstunde\". Gerne informieren wir Sie \u00fcber die M\u00f6glichkeiten!<\/p><\/div><\/div><\/div><div class=\"ea-card sp-ea-single\"><h3 class=\"ea-header\"><a class=\"collapsed\" id=\"ea-header-4632\" role=\"button\" data-sptoggle=\"spcollapse\" data-sptarget=\"#collapse4632\" aria-controls=\"collapse4632\" href=\"#\" aria-expanded=\"false\" tabindex=\"0\"><i aria-hidden=\"true\" role=\"presentation\" class=\"ea-expand-icon eap-icon-ea-expand-plus\"><\/i> Angebot<\/a><\/h3><div class=\"sp-collapse spcollapse spcollapse\" id=\"collapse4632\" data-parent=\"#sp-ea-463\" role=\"region\" aria-labelledby=\"ea-header-4632\"> <div class=\"ea-body\"><p><strong>Bleib am Ball - Geschenkgutscheine<\/strong><\/p><\/div><\/div><\/div><div class=\"ea-card sp-ea-single\"><h3 class=\"ea-header\"><a class=\"collapsed\" id=\"ea-header-4633\" role=\"button\" data-sptoggle=\"spcollapse\" data-sptarget=\"#collapse4633\" aria-controls=\"collapse4633\" href=\"#\" aria-expanded=\"false\" tabindex=\"0\"><i aria-hidden=\"true\" role=\"presentation\" class=\"ea-expand-icon eap-icon-ea-expand-plus\"><\/i> Zweck<\/a><\/h3><div class=\"sp-collapse spcollapse spcollapse\" id=\"collapse4633\" data-parent=\"#sp-ea-463\" role=\"region\" aria-labelledby=\"ea-header-4633\"> <div class=\"ea-body\"><p>Schenken Sie Bewegung, Freude und Teamgeist \u2013 in Form von Geschenkgutscheinen f\u00fcr Mitarbeiter, Kunden, Lieferanten, Partner \u2026 zum Geburtstag, zum Jubil\u00e4um, zu Weihnachten, ....<\/p><\/div><\/div><\/div><div class=\"ea-card sp-ea-single\"><h3 class=\"ea-header\"><a class=\"collapsed\" id=\"ea-header-4634\" role=\"button\" data-sptoggle=\"spcollapse\" data-sptarget=\"#collapse4634\" aria-controls=\"collapse4634\" href=\"#\" aria-expanded=\"false\" tabindex=\"0\"><i aria-hidden=\"true\" role=\"presentation\" class=\"ea-expand-icon eap-icon-ea-expand-plus\"><\/i> Kosten<\/a><\/h3><div class=\"sp-collapse spcollapse spcollapse\" id=\"collapse4634\" data-parent=\"#sp-ea-463\" role=\"region\" aria-labelledby=\"ea-header-4634\"> <div class=\"ea-body\"><p>\u00a0Geschenkgutscheine erhalten Sie z. B. f\u00fcr:- Trainerstunden- Speed-Tennis- Little Champ - Jahresabo<\/p><\/div><\/div><\/div><\/div><\/div>\n","protected":false},"excerpt":{"rendered":"<p>&#8222;LITTLE CHAMP PATENSCHAFT&#8220;<\/p>\n","protected":false},"author":3,"featured_media":0,"parent":0,"menu_order":0,"comment_status":"closed","ping_status":"closed","template":"","meta":{"ngg_post_thumbnail":0,"footnotes":""},"class_list":["post-54","page","type-page","status-publish","hentry"],"_links":{"self":[{"href":"https:\/\/littlechamp.at\/index.php?rest_route=\/wp\/v2\/pages\/54","targetHints":{"allow":["GET"]}}],"collection":[{"href":"https:\/\/littlechamp.at\/index.php?rest_route=\/wp\/v2\/pages"}],"about":[{"href":"https:\/\/littlechamp.at\/index.php?rest_route=\/wp\/v2\/types\/page"}],"author":[{"embeddable":true,"href":"https:\/\/littlechamp.at\/index.php?rest_route=\/wp\/v2\/users\/3"}],"replies":[{"embeddable":true,"href":"https:\/\/littlechamp.at\/index.php?rest_route=%2Fwp%2Fv2%2Fcomments&post=54"}],"version-history":[{"count":6,"href":"https:\/\/littlechamp.at\/index.php?rest_route=\/wp\/v2\/pages\/54\/revisions"}],"predecessor-version":[{"id":511,"href":"https:\/\/littlechamp.at\/index.php?rest_route=\/wp\/v2\/pages\/54\/revisions\/511"}],"wp:attachment":[{"href":"https:\/\/littlechamp.at\/index.php?rest_route=%2Fwp%2Fv2%2Fmedia&parent=54"}],"curies":[{"name":"wp","href":"https:\/\/api.w.org\/{rel}","templated":true}]}}