{"id":38,"date":"2019-11-23T18:20:18","date_gmt":"2019-11-23T17:20:18","guid":{"rendered":"https:\/\/littlechamp.simpleclicks.at\/?page_id=38"},"modified":"2019-11-23T18:20:19","modified_gmt":"2019-11-23T17:20:19","slug":"ihr-nutzen","status":"publish","type":"page","link":"https:\/\/littlechamp.at\/?page_id=38","title":{"rendered":"Ihr Nutzen"},"content":{"rendered":"\n<h1 class=\"wp-block-heading\">Ihr Nutzen<\/h1>\n\n\n\n<p>Was bringen Ihrem Unternehmen Little Champ-Aktivit\u00e4ten \u2026<\/p>\n\n\n\n<ul class=\"wp-block-list\"><li>Die Aktivit\u00e4ten richten den Fokus auf&nbsp;<strong>Gruppendynamik<\/strong>,&nbsp;<strong>Teamwork<\/strong>&nbsp;und&nbsp;<strong>Teamgeist<\/strong>. Jeder Teilnehmer wird aktiv in das Geschehen eingebunden und damit die positive Gruppendynamik best\u00e4rkt<\/li><li><strong>Soziale Kontakte<\/strong>&nbsp;und&nbsp;<strong>firmeninterne Kommunikation<\/strong>&nbsp;werden auf spielerische Art und Weise gest\u00e4rkt.<\/li><li><strong>Spiel<\/strong>&nbsp;und&nbsp;<strong>Bewegung<\/strong>,&nbsp;<strong>Wettbewerb<\/strong>&nbsp;und&nbsp;<strong>Vergn\u00fcgen<\/strong>&nbsp;stehen im Mittelpunkt.<\/li><li>Das Spiel zwischen den Teilnehmern (auch Einsteigern) ist vor allem beim Speed-Tennis bereits nach k\u00fcrzester Zeit m\u00f6glich (es gibt keine Frustrationserlebnisse)<\/li><li>Irritationen wie Neid, Schadenfreude, \u201edumm sterben lassen\u201c, wenig Engagement, Schimpfen, werden durch den spielerischen Umgang und durch das \u201eMiteinander\u201c entkr\u00e4ftet und bekommen eine andere \u2013 geringere &#8211; Bedeutung. Ihren Mitarbeitern \u00f6ffnen sich neue Wege.<\/li><li>Wesentlich ist das&nbsp;<strong>gemeinsame \u201eErlebnis\u201c \u2013 das \u201eSpiel\u201c \u2013 der \u201eSpa\u00df\u201c<\/strong>.<\/li><\/ul>\n\n\n\n<p>Mit<strong>&nbsp;\u201eSpeed &#8211; Tennis meets Company\u201c<\/strong>&nbsp;gehen Sie neue, andere und ungew\u00f6hnliche Wege bei Firmenaktivit\u00e4ten und \u2013veranstaltungen. Es geht darum, mit Sport Beziehungen und ein Zusammengeh\u00f6rigkeitsgef\u00fchl zu schaffen, im Denken flexibler zu werden und Gemeinsamkeiten zu finden. Sport ist nicht nur Wettbewerb und Leistung \u2013 Sport macht Freude und verbindet. Solche Aktivit\u00e4ten bleiben in Erinnerung \u2013 sowohl bei Mitarbeitern, wie auch bei Ihren&nbsp;Kunden.<\/p>\n","protected":false},"excerpt":{"rendered":"<p>Ihr Nutzen Was bringen Ihrem Unternehmen Little Champ-Aktivit\u00e4ten \u2026 Die Aktivit\u00e4ten richten den Fokus auf&nbsp;Gruppendynamik,&nbsp;Teamwork&nbsp;und&nbsp;Teamgeist. Jeder Teilnehmer wird aktiv in das Geschehen eingebunden und damit die positive Gruppendynamik best\u00e4rkt Soziale Kontakte&nbsp;und&nbsp;firmeninterne Kommunikation&nbsp;werden auf spielerische Art und Weise gest\u00e4rkt. Spiel&nbsp;und&nbsp;Bewegung,&nbsp;Wettbewerb&nbsp;und&nbsp;Vergn\u00fcgen&nbsp;stehen im Mittelpunkt. Das Spiel zwischen den Teilnehmern (auch Einsteigern) ist vor allem beim Speed-Tennis bereits nach [&hellip;]<\/p>\n","protected":false},"author":3,"featured_media":0,"parent":0,"menu_order":0,"comment_status":"closed","ping_status":"closed","template":"","meta":{"ngg_post_thumbnail":0,"footnotes":""},"class_list":["post-38","page","type-page","status-publish","hentry"],"_links":{"self":[{"href":"https:\/\/littlechamp.at\/index.php?rest_route=\/wp\/v2\/pages\/38","targetHints":{"allow":["GET"]}}],"collection":[{"href":"https:\/\/littlechamp.at\/index.php?rest_route=\/wp\/v2\/pages"}],"about":[{"href":"https:\/\/littlechamp.at\/index.php?rest_route=\/wp\/v2\/types\/page"}],"author":[{"embeddable":true,"href":"https:\/\/littlechamp.at\/index.php?rest_route=\/wp\/v2\/users\/3"}],"replies":[{"embeddable":true,"href":"https:\/\/littlechamp.at\/index.php?rest_route=%2Fwp%2Fv2%2Fcomments&post=38"}],"version-history":[{"count":1,"href":"https:\/\/littlechamp.at\/index.php?rest_route=\/wp\/v2\/pages\/38\/revisions"}],"predecessor-version":[{"id":39,"href":"https:\/\/littlechamp.at\/index.php?rest_route=\/wp\/v2\/pages\/38\/revisions\/39"}],"wp:attachment":[{"href":"https:\/\/littlechamp.at\/index.php?rest_route=%2Fwp%2Fv2%2Fmedia&parent=38"}],"curies":[{"name":"wp","href":"https:\/\/api.w.org\/{rel}","templated":true}]}}