{"id":28,"date":"2019-11-23T18:18:18","date_gmt":"2019-11-23T17:18:18","guid":{"rendered":"https:\/\/littlechamp.simpleclicks.at\/?page_id=28"},"modified":"2020-01-17T18:30:38","modified_gmt":"2020-01-17T17:30:38","slug":"schultennis","status":"publish","type":"page","link":"https:\/\/littlechamp.at\/?page_id=28","title":{"rendered":"Schultennis"},"content":{"rendered":"\r\n<h1 class=\"wp-block-heading\">Schultennis &#8211; Schulsportwochen<\/h1>\r\n\r\n\r\n\r\n<p>Klassen bzw. Schulen k\u00f6nnen f\u00fcr den Turnunterricht bzw. f\u00fcr\u00a0<strong>Schulsportwochen<\/strong>\u00a0die Little Champ-Tennis-Turnstunde buchen. Je nach Altersstufe und den sportlichen F\u00e4higkeiten werden Koordination und Bewegung, der Umgang mit Ball und Schl\u00e4ger sowie gruppendynamische Spiele gef\u00f6rdert.<\/p>\r\n\r\n\r\n\r\n<p>Sie planen eine Schulsportwoche mit Ihrer Klasse bzw. Schule? Gerne stellen wir mit Ihnen gemeinsam ein attraktives und preiswertes Programm f\u00fcr Ihre Sch\u00fcler zusammen. Das Besondere daran ist: &#8222;Sie als Lehrer sind &#8211; von der Planung\u00a0beginnend &#8211;\u00a0bei allen Aktivit\u00e4ten voll eingebunden!&#8220; Da sind\u00a0auch die Sch\u00fcler mit Begeisterung dabei.<\/p>\r\n\r\n\r\n\r\n<p><a href=\"https:\/\/littlechamp.at\/kontakt\/\">Hier geben Sie Ihre W\u00fcnsche bekannt.<\/a><\/p>\r\n\r\n\r\n\r\n<ul class=\"wp-block-gallery columns-3 is-cropped wp-block-gallery-1 is-layout-flex wp-block-gallery-is-layout-flex\">\r\n<li class=\"blocks-gallery-item\">\r\n<figure><img loading=\"lazy\" decoding=\"async\" class=\"wp-image-162\" src=\"https:\/\/littlechamp.simpleclicks.at\/wp-content\/uploads\/2019\/12\/Schulsport1.jpg\" alt=\"\" width=\"495\" height=\"343\" data-id=\"162\" data-link=\"https:\/\/littlechamp.simpleclicks.at\/schultennis\/schulsport1\/\" srcset=\"https:\/\/littlechamp.at\/wp-content\/uploads\/2019\/12\/Schulsport1.jpg 640w, https:\/\/littlechamp.at\/wp-content\/uploads\/2019\/12\/Schulsport1-300x208.jpg 300w, https:\/\/littlechamp.at\/wp-content\/uploads\/2019\/12\/Schulsport1-380x264.jpg 380w\" sizes=\"auto, (max-width: 495px) 100vw, 495px\" \/><\/figure>\r\n<\/li>\r\n<li class=\"blocks-gallery-item\">\r\n<figure><img loading=\"lazy\" decoding=\"async\" class=\"wp-image-163\" src=\"https:\/\/littlechamp.simpleclicks.at\/wp-content\/uploads\/2019\/12\/Schulsport2.jpg\" alt=\"\" width=\"494\" height=\"370\" data-id=\"163\" data-link=\"https:\/\/littlechamp.simpleclicks.at\/schultennis\/schulsport2\/\" srcset=\"https:\/\/littlechamp.at\/wp-content\/uploads\/2019\/12\/Schulsport2.jpg 640w, https:\/\/littlechamp.at\/wp-content\/uploads\/2019\/12\/Schulsport2-300x225.jpg 300w, https:\/\/littlechamp.at\/wp-content\/uploads\/2019\/12\/Schulsport2-380x285.jpg 380w\" sizes=\"auto, (max-width: 494px) 100vw, 494px\" \/><\/figure>\r\n<\/li>\r\n<li class=\"blocks-gallery-item\">\r\n<figure><img loading=\"lazy\" decoding=\"async\" class=\"wp-image-164\" src=\"https:\/\/littlechamp.simpleclicks.at\/wp-content\/uploads\/2019\/12\/Schulsport3.png\" alt=\"\" width=\"495\" height=\"348\" data-id=\"164\" data-link=\"https:\/\/littlechamp.simpleclicks.at\/schultennis\/schulsport3\/\" srcset=\"https:\/\/littlechamp.at\/wp-content\/uploads\/2019\/12\/Schulsport3.png 800w, https:\/\/littlechamp.at\/wp-content\/uploads\/2019\/12\/Schulsport3-300x211.png 300w, https:\/\/littlechamp.at\/wp-content\/uploads\/2019\/12\/Schulsport3-768x540.png 768w, https:\/\/littlechamp.at\/wp-content\/uploads\/2019\/12\/Schulsport3-380x267.png 380w\" sizes=\"auto, (max-width: 495px) 100vw, 495px\" \/><\/figure>\r\n<\/li>\r\n<li class=\"blocks-gallery-item\">\r\n<figure><img loading=\"lazy\" decoding=\"async\" class=\"wp-image-165\" src=\"https:\/\/littlechamp.simpleclicks.at\/wp-content\/uploads\/2019\/12\/Schulsport4.png\" alt=\"\" width=\"495\" height=\"333\" data-id=\"165\" data-link=\"https:\/\/littlechamp.simpleclicks.at\/schultennis\/schulsport4\/\" srcset=\"https:\/\/littlechamp.at\/wp-content\/uploads\/2019\/12\/Schulsport4.png 800w, https:\/\/littlechamp.at\/wp-content\/uploads\/2019\/12\/Schulsport4-300x202.png 300w, https:\/\/littlechamp.at\/wp-content\/uploads\/2019\/12\/Schulsport4-768x516.png 768w, https:\/\/littlechamp.at\/wp-content\/uploads\/2019\/12\/Schulsport4-380x256.png 380w\" sizes=\"auto, (max-width: 495px) 100vw, 495px\" \/><\/figure>\r\n<\/li>\r\n<\/ul>\r\n","protected":false},"excerpt":{"rendered":"<p>Schultennis &#8211; Schulsportwochen Klassen bzw. Schulen k\u00f6nnen f\u00fcr den Turnunterricht bzw. f\u00fcr\u00a0Schulsportwochen\u00a0die Little Champ-Tennis-Turnstunde buchen. Je nach Altersstufe und den sportlichen F\u00e4higkeiten werden Koordination und Bewegung, der Umgang mit Ball und Schl\u00e4ger sowie gruppendynamische Spiele gef\u00f6rdert. Sie planen eine Schulsportwoche mit Ihrer Klasse bzw. Schule? Gerne stellen wir mit Ihnen gemeinsam ein attraktives und preiswertes [&hellip;]<\/p>\n","protected":false},"author":3,"featured_media":0,"parent":0,"menu_order":0,"comment_status":"closed","ping_status":"closed","template":"","meta":{"ngg_post_thumbnail":0,"footnotes":""},"class_list":["post-28","page","type-page","status-publish","hentry"],"_links":{"self":[{"href":"https:\/\/littlechamp.at\/index.php?rest_route=\/wp\/v2\/pages\/28","targetHints":{"allow":["GET"]}}],"collection":[{"href":"https:\/\/littlechamp.at\/index.php?rest_route=\/wp\/v2\/pages"}],"about":[{"href":"https:\/\/littlechamp.at\/index.php?rest_route=\/wp\/v2\/types\/page"}],"author":[{"embeddable":true,"href":"https:\/\/littlechamp.at\/index.php?rest_route=\/wp\/v2\/users\/3"}],"replies":[{"embeddable":true,"href":"https:\/\/littlechamp.at\/index.php?rest_route=%2Fwp%2Fv2%2Fcomments&post=28"}],"version-history":[{"count":5,"href":"https:\/\/littlechamp.at\/index.php?rest_route=\/wp\/v2\/pages\/28\/revisions"}],"predecessor-version":[{"id":317,"href":"https:\/\/littlechamp.at\/index.php?rest_route=\/wp\/v2\/pages\/28\/revisions\/317"}],"wp:attachment":[{"href":"https:\/\/littlechamp.at\/index.php?rest_route=%2Fwp%2Fv2%2Fmedia&parent=28"}],"curies":[{"name":"wp","href":"https:\/\/api.w.org\/{rel}","templated":true}]}}