{"id":24,"date":"2019-11-23T18:17:38","date_gmt":"2019-11-23T17:17:38","guid":{"rendered":"https:\/\/littlechamp.simpleclicks.at\/?page_id=24"},"modified":"2024-10-20T20:12:18","modified_gmt":"2024-10-20T18:12:18","slug":"trainerstunden","status":"publish","type":"page","link":"https:\/\/littlechamp.at\/?page_id=24","title":{"rendered":"Trainerstunden"},"content":{"rendered":"\n<h1 class=\"wp-block-heading\">Trainerstunden<\/h1>\n\n\n\n<figure class=\"wp-block-image\"><img loading=\"lazy\" decoding=\"async\" width=\"640\" height=\"480\" src=\"https:\/\/littlechamp.simpleclicks.at\/wp-content\/uploads\/2019\/12\/Trainerstunden_.jpg\" alt=\"\" class=\"wp-image-156\" srcset=\"https:\/\/littlechamp.at\/wp-content\/uploads\/2019\/12\/Trainerstunden_.jpg 640w, https:\/\/littlechamp.at\/wp-content\/uploads\/2019\/12\/Trainerstunden_-300x225.jpg 300w, https:\/\/littlechamp.at\/wp-content\/uploads\/2019\/12\/Trainerstunden_-380x285.jpg 380w\" sizes=\"auto, (max-width: 640px) 100vw, 640px\" \/><\/figure>\n\n\n\n<p>Sowohl Tennis-Einsteiger als auch fortgeschrittene Spieler, die ihre Technik verbessern und verfeinern wollen, k\u00f6nnen bei erfahrenen und gepr\u00fcften Tennislehrern Trainerstunden entweder einzeln oder in Gruppen von bis zu vier Personen buchen.<\/p>\n\n\n\n<p><strong>Kosten<\/strong><\/p>\n\n\n\n<p>F\u00fcr Angebote und Preise  &#8211; <a href=\"https:\/\/littlechamp.at\/trainerstunden-2\/\">bitte hier klicken<\/a><\/p>\n\n\n\n<p>&nbsp;<\/p>\n","protected":false},"excerpt":{"rendered":"<p>Trainerstunden Sowohl Tennis-Einsteiger als auch fortgeschrittene Spieler, die ihre Technik verbessern und verfeinern wollen, k\u00f6nnen bei erfahrenen und gepr\u00fcften Tennislehrern Trainerstunden entweder einzeln oder in Gruppen von bis zu vier Personen buchen. Kosten F\u00fcr Angebote und Preise &#8211; bitte hier klicken &nbsp;<\/p>\n","protected":false},"author":3,"featured_media":0,"parent":0,"menu_order":0,"comment_status":"closed","ping_status":"closed","template":"","meta":{"ngg_post_thumbnail":0,"footnotes":""},"class_list":["post-24","page","type-page","status-publish","hentry"],"_links":{"self":[{"href":"https:\/\/littlechamp.at\/index.php?rest_route=\/wp\/v2\/pages\/24","targetHints":{"allow":["GET"]}}],"collection":[{"href":"https:\/\/littlechamp.at\/index.php?rest_route=\/wp\/v2\/pages"}],"about":[{"href":"https:\/\/littlechamp.at\/index.php?rest_route=\/wp\/v2\/types\/page"}],"author":[{"embeddable":true,"href":"https:\/\/littlechamp.at\/index.php?rest_route=\/wp\/v2\/users\/3"}],"replies":[{"embeddable":true,"href":"https:\/\/littlechamp.at\/index.php?rest_route=%2Fwp%2Fv2%2Fcomments&post=24"}],"version-history":[{"count":9,"href":"https:\/\/littlechamp.at\/index.php?rest_route=\/wp\/v2\/pages\/24\/revisions"}],"predecessor-version":[{"id":621,"href":"https:\/\/littlechamp.at\/index.php?rest_route=\/wp\/v2\/pages\/24\/revisions\/621"}],"wp:attachment":[{"href":"https:\/\/littlechamp.at\/index.php?rest_route=%2Fwp%2Fv2%2Fmedia&parent=24"}],"curies":[{"name":"wp","href":"https:\/\/api.w.org\/{rel}","templated":true}]}}